 is divided by j.
16
Let h be (56/42)/((-2)/(-27)). Let b = h + -14. What is the remainder when 14 is divided by b?
2
Let l(c) = 7*c - 20. Let h(z) = 35*z - 99. Let i(n) = -2*h(n) + 11*l(n). What is the remainder when i(4) is divided by 2?
0
Let q(i) = -19*i + 2. Let c(d) = 26*d - 849. What is the remainder when q(-4) is divided by c(33)?
6
Let q(s) = -10*s - 16. Calculate the remainder when q(-7) is divided by 14.
12
Suppose 3*a = 4*d - 6*d + 10, 0 = 2*a. Suppose -16 = -3*l + 7*l, -24 = 4*w + d*l. What is the remainder when 11 is divided by (w - -7) + 6/(-3)?
3
Suppose -4*j + 2*f + 100 = 0, -4*j = -5*j + 5*f + 16. Calculate the remainder when j is divided by 14.
12
Suppose -3*s - 2*s + 25 = 0. Suppose 0 = s*d + 62 - 2. What is the remainder when 94*(-1 - d/8) is divided by 10?
7
Suppose 4*s = -0*s. Suppose s = 5*n - 33 - 22. What is the remainder when 29 is divided by n?
7
Let s(t) = t**2 - 6*t + 5. Let k be s(6). Suppose 0 = -5*g + 5*w + 15, 0 = k*g + w + 9 + 6. Calculate the remainder when 54 - (3 - 2 - g) is divided by 26.
25
Suppose -7*j = -10*j + 24. Suppose -9*i + 6*i = -117. What is the remainder when i is divided by j?
7
Suppose 4*h + 0*h - 204 = -3*l, -4*l + 247 = -3*h. Let n(t) = t + 39. Let p be n(-13). Suppose l = 5*d - p. Calculate the remainder when d is divided by 7.
4
Let y = 6 + -17. Let f = 36 - y. Suppose 4*w - 15 = 33. What is the remainder when f is divided by w?
11
Suppose 0 = 6*l - 3*l - 777. Suppose -4*r = 189 + l. Let m = -79 - r. Calculate the remainder when m is divided by 17.
16
Let k = -339 - -1371. What is the remainder when k is divided by 23?
20
Suppose -12*s + 16*s - 23*s = -266. Suppose 5*u = w + 12 + 222, -2*u - w = -88. Let o = 9 + u. Calculate the remainder when o is divided by s.
13
Let w(i) = i**3 + 7*i**2 - 8*i + 5. Let h be w(-8). Let z be h/(-2)*(-864)/80. Suppose -a + z = -12. Calculate the remainder when 154 is divided by a.
37
Suppose 0 = 9*u + 225 - 1629. Suppose -5*i - 67 = -3*m + 50, -4*m - 4*i = -u. Calculate the remainder when m is divided by 14.
11
Let b be (2 - 24/10)*-5. Let j be (-8)/20*(-10)/b. Suppose j*f - 5 - 33 = 0. What is the remainder when f is divided by 5?
4
Let x be 2/(-5)*-5*16. Let s = -5 + x. Suppose o - 2*o = -15. What is the remainder when s is divided by o?
12
Let c be (15/4)/((-1)/(-20)) - -3. Let l = c + -64. Calculate the remainder when l is divided by 8.
6
Let h be (6 - (-260)/(-45)) + (-4)/18. Suppose h = -2*w + 8, -2*u - 4*w + 100 = u. What is the remainder when 166 is divided by u?
26
Suppose -23 = -41*y + 510. Suppose -2*m + f = -70, -5*m + 5*f + 135 + 40 = 0. Let r = 60 - m. Calculate the remainder when r is divided by y.
12
Suppose 820*d + 117 = 829*d. What is the remainder when 467 is divided by d?
12
Let t = 12 - 2. Calculate the remainder when 475/10*8/10 is divided by t.
8
Let n(q) = -q**2 - 14*q - 7. Let h be n(-7). What is the remainder when 26 is divided by h/4*4/6?
5
Let w = 10 + -6. Suppose 2*b - w*q = 40, -2*b - b = 2*q - 52. Let n = 0 + b. What is the remainder when 52 is divided by n?
16
Let y(a) = -5*a + 53. Let k be y(10). Suppose 3*l = 4*n - 80, -n = k*n + l - 96. Suppose 264 = 5*m - 181. What is the remainder when m is divided by n?
20
Let k(v) = -v**3 + 12*v**2 + v. Suppose x - 5*w + 17 = 0, 5*w = -3 + 28. Let c be (-270)/(-24) + 6/x. What is the remainder when k(c) is divided by 5?
2
Suppose -2884 = -16*w + 1132. What is the remainder when w is divided by 134?
117
Suppose 264 = 10*s - 6*s. Let w(a) = a**2 + 3*a - 5. Let v be w(-5). Suppose -v*j + 4*j = -18. What is the remainder when s is divided by j?
12
Suppose -3*v = 2*u - 73, 0*v + 5*u = 2*v - 36. Let i = 105 - v. Calculate the remainder when i is divided by 28.
26
Let h(b) = b**3 + b**2 - 7. What is the remainder when 82 is divided by h(3)?
24
Let t(f) = -7 - 1 - 9 - 3*f + 4 + f**2. Let d be t(9). Suppose -3*o + 16 = -d. Calculate the remainder when o is divided by 11.
8
Let f(d) = -33*d**3 + 3*d**2 + 2*d. Suppose p = -5*m + 118 - 13, 4*p - 5*m = 395. What is the remainder when p is divided by f(-1)?
32
Let u = -46 - -41. Let x(b) be the third derivative of b**5/60 + b**4/24 + b**3/2 + 2*b**2. Calculate the remainder when x(u) is divided by 8.
7
Let k(q) = -q**3 + 3*q**2 + 29*q - 17. Calculate the remainder when 311 is divided by k(5).
77
Let w be (2 - 1 - 2)*-2. Suppose w*k + 0*k = 26. Suppose -o + 49 = -x, -o + 4*x + 39 = -13. Calculate the remainder when o is divided by k.
9
Let o = 9 - 15. Let q be (-4)/5*(-30)/(-12). Let r = q - o. Calculate the remainder when 6 is divided by r.
2
Let x(i) = i**2 + 15*i + 63. Let q(p) = 208*p**2 + p - 1. What is the remainder when q(-1) is divided by x(-11)?
16
Suppose 0 = -68*z + 79*z - 154. What is the remainder when 737 is divided by z?
9
Let s(j) = -j**3 - 4*j**2 + 23*j + 22. Calculate the remainder when s(-10) is divided by 66.
62
Suppose -3*y = -3, -5*n - y + 243 = 87. Calculate the remainder when (-4)/(-9) - (-46560)/216 is divided by n.
30
Let k be -85*1 - (-1)/1. Calculate the remainder when k/(-2) - (4 - 11 - -4) is divided by 8.
5
Suppose -3*w = -2*t + 10, -3*t + 15 = -2*w + 3*w. Suppose 61 = -t*m - 89. Calculate the remainder when -30*3/(m/4) is divided by 5.
2
Suppose 8*y - 16 - 8 = 0. Calculate the remainder when 114 is divided by (348/y)/4*1.
27
Let w = -180 + 409. What is the remainder when w is divided by 11?
9
Let c = 60 - 43. Let o = 243 - 193. Calculate the remainder when o is divided by c.
16
Let i = -139 - -149. What is the remainder when i is divided by 2?
0
Suppose 0 = 14*k - 18*k + 68. Suppose k*f = 22*f - 105. Suppose 2*p - 8 = 8. Calculate the remainder when f is divided by p.
5
Let b = 21 - -12. Let z = b + -8. Calculate the remainder when z is divided by 13.
12
Suppose -6*i - 5*i + 3212 = 0. Suppose -9*u + i = -5*u. Calculate the remainder when u is divided by 16.
9
Let p(h) = 8*h + 106. Let q = 8 - 4. Calculate the remainder when p(-11) is divided by q.
2
Calculate the remainder when 20 is divided by 1*-2 - (12 + -24).
0
Let z(f) = f**2 + 12*f + 36. Calculate the remainder when z(-10) is divided by 4/10 - 96/(-10).
6
Let s(l) = l - 1. Let k be (6/8)/(15/60). Let f be s(k). Let m = 17 - f. What is the remainder when 28 is divided by m?
13
Let b = -26 + 84. Let m = -21 + b. What is the remainder when m is divided by 1/1 + (2 - -7)?
7
Let l = -70 - -70. Suppose l = -16*m + 8 + 392. What is the remainder when 147 is divided by m?
22
Let y(f) = -7*f - 13. What is the remainder when 104 is divided by y(-4)?
14
Suppose 551 = 16*b - 137. Let i = 20 + -11. What is the remainder when b is divided by i?
7
Let c = 13 - 2. Let m be -1 - (-35 - -2) - 4. Let a = 48 - m. What is the remainder when a is divided by c?
9
Let s = -809 - -838. Calculate the remainder when 112 is divided by s.
25
Suppose 0 = 2*k - 8, a - 6*a - 16 = -4*k. Suppose 4 = 2*c, -4*c + 22 = -a*l + l. What is the remainder when 38 is divided by l?
10
Suppose -13*t + 10 = -3. Let o(w) = 15*w**2 + 3*w - 2. Calculate the remainder when o(t) is divided by 9.
7
Suppose 4*n + 3*l = 566, 13*n - 5*l - 690 = 8*n. Calculate the remainder when n is divided by 16.
12
Let l = 46 - 51. What is the remainder when 37 is divided by ((-65)/(-3))/l*-3?
11
Suppose -61*v + 4516 = -18786. What is the remainder when v is divided by 55?
52
Suppose 6 + 8 = x + 2*g, 35 = 3*x - g. What is the remainder when 213 is divided by x?
9
Let n be 2/4 + (-90)/(-20). Suppose 5*y - y + n*t - 659 = 0, 12 = 4*t. What is the remainder when y/6 - 3/(-18) is divided by 14?
13
Let b(a) = -a**3 - 41*a**2 - 4*a - 84. Calculate the remainder when b(-41) is divided by 4.
0
Suppose 3*r = 5*r - 10. Suppose -r*z = -5*i - 15, -6 - 9 = -5*z. Let n(y) = -y**2 + 36. What is the remainder when n(i) is divided by 13?
10
Let g(j) = j**3 + 9*j**2 + 5*j - 17. Calculate the remainder when 157 is divided by g(-8).
3
Let a = -86 - -90. Suppose 3*r - 4*y = 119, -y + a = 3*y. What is the remainder when r is divided by 15?
11
Let o(s) = -10*s + 3. Let u be o(1). What is the remainder when 69 is divided by 10/u*(14 - 21)?
9
Let s = 207 + -168. Calculate the remainder when s is divided by 5.
4
Suppose 0 = 2*k - 5 - 1. Suppose -k*y + 4*y - 37 = -i, -y + 4*i + 47 = 0. Calculate the remainder when y is divided by 21.
18
Let i(u) = u**